pose 0*t = c*t. Suppose 3*y + t*y = 15. What is the remainder when 14 is divided by y?
4
Let r = 28 - 2. What is the remainder when r is divided by 14?
12
Let q(x) = -x**3 - 6*x**2 - 6*x - 5. Let p be (4/4)/(-1)*6. Calculate the remainder when 59 is divided by q(p).
28
Let x(z) = z**3 + 4*z**2 - 2*z - 2. What is the remainder when 25 is divided by x(-3)?
12
Suppose f = -4*f - l + 56, 3*f - 31 = 2*l. What is the remainder when f is divided by 2?
1
Suppose 0 = -3*f - 0*f - 12, -4*y + 4*f = -44. Calculate the remainder when 9 is divided by y.
2
Suppose -21 = -3*k - 0*k. Let y(o) = 2*o - 10. What is the remainder when 11 is divided by y(k)?
3
Let o = 7 - 10. Let d be (-6 - o)/((-1)/10). Suppose b - 2*c = 2*b - 29, -c + d = b. What is the remainder when b is divided by 11?
9
Suppose 6*g - 3*c = g + 17, -20 = 5*c. Suppose 2*i = -2*n + 50, 3*n + g = -i + 66. Calculate the remainder when n is divided by 11.
9
Let n = 19 + -1. Calculate the remainder when 71 is divided by n.
17
Let v be 1078/88 - (-6)/8. Suppose 45 = -12*t + v*t. Calculate the remainder when t is divided by 12.
9
Suppose -2*p - 5*a = -18, -p + 4*a + 50 = 2*p. Suppose 2*s + 20 = -2*t, 4*t + s = 16 - 56. Calculate the remainder when p is divided by ((-3)/6)/(1/t).
4
Suppose 0*l + 586 = 4*l + 3*o, 0 = -l - 3*o + 142. Calculate the remainder when l is divided by 38.
34
Let m be 4/(-6) + (-16)/(-6). Let u = 4 - m. Suppose d - 3*d - u*f + 22 = 0, d + 2*f - 10 = 0. What is the remainder when 34 is divided by d?
10
Let n(g) = g**2 - 2*g + 6. Calculate the remainder when 15 is divided by n(3).
6
Let i = -14 + -12. Let w be (-4)/10 + (-76)/10. What is the remainder when 23 is divided by (w - -9)/((-2)/i)?
10
Suppose c + 2*c = 42. What is the remainder when 53 is divided by c?
11
Let i(s) = -s**2 + 11*s - 4. Calculate the remainder when i(10) is divided by 5.
1
Let w be (-1 + 10/6)*18. Let v be 2876/w + (-1)/(-3). Suppose -3*u + v = 90. Calculate the remainder when u is divided by 17.
16
Let d(i) = 29*i + 20. Calculate the remainder when d(6) is divided by 49.
47
Let n = -25 + 36. Suppose x + 2*x - i = n, i + 19 = 5*x. Calculate the remainder when 6 is divided by x.
2
Suppose 10*q - 8*q - 22 = 0. What is the remainder when q is divided by 6?
5
Suppose 5*d = 5*n - 2*n + 65, 2*d + n - 26 = 0. What is the remainder when (-218)/(-6) - 4/(-6) is divided by d?
11
Let r(d) = -d - 7. Let w be r(-6). What is the remainder when 19 is divided by (w/(-2))/(4/88)?
8
Suppose -3*w + 3*s = -4*w + 50, -5*w + 266 = -s. What is the remainder when w is divided by 8?
5
Suppose 4*t + t = 25. What is the remainder when 12 is divided by t?
2
Let h(d) = -21*d**3 + 11 + 8*d**2 + 22*d**3 - 4. Calculate the remainder when h(-8) is divided by 3.
1
What is the remainder when 77 is divided by (-525)/(-42) - (-2)/4?
12
Suppose 5*r = 0, -2*z + 12 = 2*z - 3*r. Calculate the remainder when (9/2)/(z/20) is divided by 16.
14
Let v(m) = -m**3 + 6*m**2 - m + 3. Let z be v(3). Suppose 3*x - 90 = z. Let g = 16 + -6. What is the remainder when x is divided by g?
9
Let n(i) = -i + 2. Let y be n(-6). Suppose 0 = -y*b + 3*b + 120. Suppose -2*q + 20 = -b. Calculate the remainder when 65 is divided by q.
21
Let w(x) = x**2 - 6*x - 8. Let d be w(8). Suppose 5*m = 4*s + s + 80, 0 = m - 5*s - d. Calculate the remainder when 35 is divided by m.
17
Suppose -34*n + 38*n - 196 = 0. Calculate the remainder when n is divided by 26.
23
Let f be 1 - ((-2)/2 + 13). Let w = 15 + f. Let d = 5 + w. What is the remainder when 25 is divided by d?
7
Suppose 0 = 3*i - 3*n - 141, 4*i = i + 4*n + 139. Calculate the remainder when i is divided by 9/27 - 76/(-6).
10
Let k = -7 - -10. Suppose k + 15 = t. Calculate the remainder when t is divided by (-60)/(-9)*(-6)/(-4).
8
Let g = 2 - -4. Let z(u) = -u - 6. What is the remainder when g is divided by z(-10)?
2
Let d(o) = 2*o**2 + 12*o + 9. Calculate the remainder when 25 is divided by d(-6).
7
Suppose -w = -c + 3, -7 = -2*c - 3*c - 3*w. What is the remainder when 5 is divided by c?
1
Let w = -8 + 14. Let c(q) = q**3 + 2*q**2 + q + 1. Let n be c(-3). Let a = 5 - n. What is the remainder when a is divided by w?
4
Suppose -30 = -3*c - 2*c. Let a be -1 - (51 - 0)*-1. Suppose 0*j - 5*j = -a. What is the remainder when j is divided by c?
4
Let b(z) = z**2 + 8*z + 1. Calculate the remainder when 116 is divided by b(3).
14
Let h be ((-2)/(-4))/(6/(-72)). Calculate the remainder when -6*(15/h)/5 is divided by 2.
1
Let o be 4/(-3)*6/(-4). Suppose 2*d = o, -d - 12 = -4*h - 45. Calculate the remainder when ((-42)/(-2))/((-6)/h) is divided by 10.
8
Suppose 2*s - 28 = 3*u, 0 = 3*u + u - 4*s + 32. Let z = 7 - u. Suppose -a + 4*g = -44, 2*a - 3*a + 5*g + 46 = 0. What is the remainder when a is divided by z?
17
Let c = 278 - 191. What is the remainder when c is divided by 15?
12
Let g = 9 - 11. What is the remainder when 39 is divided by (-3 - (g + 0)) + 11?
9
Let o = 2 + -2. Let m be o/(-3*1) + 34. Let r = m - 20. What is the remainder when 40 is divided by r?
12
Let z(b) = -27*b**3 + b**2. Calculate the remainder when z(-1) is divided by 10.
8
Let x(v) = 2*v**2 + 12*v + 12. Let y be x(-9). Let l = y + -40. What is the remainder when l is divided by 9?
8
Let i(t) = -10 + 5*t - t - 2*t. Suppose 2*v - 10 = 2. Calculate the remainder when v is divided by i(7).
2
What is the remainder when (10/(-4))/((-29)/12 + 2) is divided by 2?
0
Let v = -143 - -157. What is the remainder when 20 is divided by v?
6
What is the remainder when 12 is divided by -3 + (3 - -4) + 4?
4
Let a = -14 - -26. Suppose 5*r - 2*q - 23 = -0*r, 3*r - 12 = 3*q. Suppose 2 + r = k. Calculate the remainder when a is divided by k.
5
Let d be 10/(((-6)/5)/(-3)). Suppose -d - 58 = -p. Calculate the remainder when p is divided by 21.
20
Calculate the remainder when 63 is divided by (-2 + -3)*(-66)/15.
19
Suppose 51 = 8*r + 3. What is the remainder when 21 is divided by r?
3
Suppose -3*t + 8*t = 70. Let n be (10/8)/((-2)/(-88)). Let c = n + -29. Calculate the remainder when c is divided by t.
12
What is the remainder when 62 is divided by (-4 + -2)*-5 - -2?
30
Suppose 5*j + 1 = i - 1, -4*j = 4*i - 128. What is the remainder when i is divided by ((-15)/(-4))/1*(-8)/(-3)?
7
Let u = -86 - -193. Let i = 0 - -22. Calculate the remainder when u is divided by i.
19
Suppose 5*v - 2*n + 2 = 297, 5*n - 146 = -3*v. Let b = 41 - v. Let q = b + 27. Calculate the remainder when 32 is divided by q.
10
Calculate the remainder when 36 is divided by 13 + (3 - 0) - -3.
17
Let w(m) = -3*m - 8. Let y(g) = -g**2 + 6*g. Let d be y(6). Suppose -4*t = -z + 26 - 3, d = -4*t + 3*z - 21. What is the remainder when 28 is divided by w(t)?
8
Let d = -28 + 41. Let j = 22 + -12. Let w = 17 - j. Calculate the remainder when d is divided by w.
6
Let m = 55 + -34. Let j(o) = -o**3 - 5*o**2 - o - 2. Calculate the remainder when j(-6) is divided by m.
19
Suppose -4*y + 65 = -47. Calculate the remainder when -9*y/(-12) + -3 is divided by 5.
3
Let k(f) = -6*f - 22. What is the remainder when k(-6) is divided by 8?
6
Suppose 0*q = -3*q - 2*o - 84, -3*o + 129 = -4*q. Let p = -21 - q. Suppose 5*z - 4*y = 105, 2*z + 4*y - 65 = y. Calculate the remainder when z is divided by p.
7
Suppose -2*i = i - 123. Calculate the remainder when i is divided by 2*(-6)/3 + 15.
8
Let k = 134 + -97. Calculate the remainder when 109 is divided by k.
35
Suppose -m + 45 - 26 = 0. What is the remainder when 54 is divided by m?
16
Let d(u) = 13*u**2 + u. Let v be d(-1). Suppose -6 = -4*p - l + 7, -3*l + v = 3*p. What is the remainder when 32 is divided by (-66)/4*(-2)/p?
10
Let f = 2 - -1. Let i = -23 + 32. Let r = i - 4. Calculate the remainder when r is divided by f.
2
Let b = 2 - -11. Let h = b - 3. Calculate the remainder when h is divided by ((-6)/10)/((-7)/35).
1
Let m = -40 + 47. Let a(k) = k**3 - 5*k**2 - 6*k + 2. Calculate the remainder when m is divided by a(6).
1
Suppose -2*y + 15 + 21 = 0. Suppose -m - m = -y. What is the remainder when 15 is divided by m?
6
Let o(r) = -r**2 - 7*r + 4. Let t be o(-7). Let n(y) = -y**3 + 4*y**2 + 2*y - 5. Let g be n(t). Calculate the remainder when 50 is divided by 19 + 1 - (g - 0).
16
Let z = 49 + -45. What is the remainder when 16 is divided by z?
0
Suppose 0 = -3*c - 0*c + 75. Suppose -4*w 